ppose 2*h - 3*y - 2*y = 33, -15 = -h + 2*y. Suppose -5*a - 5 = 3*n, -4*a - 9 = 4*n + 3. Let t = a + h. What are the prime factors of t?
11
Suppose -7*l - l + 352 = 0. List the prime factors of l.
2, 11
Let w be (-6)/(-9) - 2/3. Let d be -2 + (-23 - -2) - w. Let h = d - -43. List the prime factors of h.
2, 5
Let z = -12 - -28. Suppose 6*v - z = 2*v. What are the prime factors of v?
2
Let r be 16/12*18/4. Let a be (-2)/(9/r - 2). List the prime factors of 0 - (-6 + a/2).
2
Suppose -5*p + 6 = -9. List the prime factors of ((-4)/(-2) - p)*-3.
3
Let s be (1 - (-2 + 4))*-11. Let x = s - -10. What are the prime factors of x?
3, 7
Suppose r + m = -0*r - 26, -4 = m. Let d be 12/66 + (-810)/r. Suppose 5*b - 147 + d = 0. What are the prime factors of b?
2, 11
Let y(n) = -n. Let f(d) = -4 - 2 - d + 4. Let z(u) = f(u) + 2*y(u). What are the prime factors of z(-5)?
13
Let q(k) = -k**2 - k + 28. Let c be q(0). Let o be 2/14 + 307/7. Let b = o - c. What are the prime factors of b?
2
Suppose 0 = -5*j + 12 + 3. Let m = -28 + j. Let b = m - -41. List the prime factors of b.
2
Suppose 2 = -3*r + 4*r. Let c(x) = x - r*x - x. List the prime factors of c(-2).
2
Suppose -5*x - 4*r + r + 97 = 0, 5*x - 77 = 2*r. List the prime factors of x.
17
Let z = 1 - -37. Let w = -18 + z. List the prime factors of w.
2, 5
Let x = -42 + 27. What are the prime factors of (-71)/(-3) - 5/x?
2, 3
Let b(a) = -a**2 - 8*a - 3. Suppose -23 = 2*z - 3*g, -z - 29 = -5*g - 0*g. What are the prime factors of b(z)?
13
List the prime factors of (-1212)/(-21) + 16/56.
2, 29
Let m(v) = v**3 - v + 4. Let c = -4 + 4. Let b be m(c). Let a(i) = -i**3 + 5*i**2 - 3*i - 2. List the prime factors of a(b).
2
Let j(h) = 2*h**2 - 2*h - 1. Let m be j(-1). Suppose 0 = 3*n - 0*n - m. Suppose -n = -2*c + 5. List the prime factors of c.
3
Let n = 12 - 7. Suppose 154 - 39 = n*h. What are the prime factors of h?
23
List the prime factors of 1/6 + 835/30.
2, 7
Let x = -329 - -482. What are the prime factors of x?
3, 17
Let u = -1 - -5. Suppose -3*i = 5*m + 40, u*i - 4*m + 56 = 2*i. What are the prime factors of (i/2)/((-2)/4)?
2, 5
Suppose -2*u = -1 - 3. Let d(o) = 10*o - 1. What are the prime factors of d(u)?
19
Let p = -36 - -128. List the prime factors of p.
2, 23
Let c = 2 + 29. List the prime factors of c.
31
List the prime factors of 6/8 - (-1834)/8.
2, 5, 23
Let q(u) = -u**2 + 32*u + 14. What are the prime factors of q(15)?
269
Let m = 13 + 16. Suppose 0 = -5*a + 2*r + 217, -a + 4*r + m = -0*a. What are the prime factors of a?
3, 5
Let j(q) = 5*q - 4*q**2 + 3*q**2 + 5*q**2 + 2 - q. What are the prime factors of j(-3)?
2, 13
Let d = 111 + -60. List the prime factors of d.
3, 17
Suppose 4*s + 3*i = 32, 0 = 3*i - 2*i - 4. Suppose -2 = 5*k + 3, s*o + 2*k - 43 = 0. List the prime factors of o.
3
What are the prime factors of 10*-1*(-12)/20?
2, 3
Let o = -74 + 121. List the prime factors of o.
47
Suppose -476 = -z - 3*z. What are the prime factors of z?
7, 17
Let c = -7 - -12. Suppose 6 + 44 = c*z. List the prime factors of z.
2, 5
Let u(t) = -t**3 - 5*t**2 + 7*t + 7. Let h be 87/(-12) + 3/12. Let r be u(h). Suppose -3*j = -7*j + r. What are the prime factors of j?
2, 7
Suppose -52 - 36 = -4*z. Suppose 0 = 3*k - 5*t - 26, -k + z = -0*k - 5*t. Suppose -1 + 2 = -x - 2*d, 0 = 4*x - k*d - 36. What are the prime factors of x?
7
List the prime factors of (-1 + 2)/(1/17).
17
List the prime factors of (-526)/(-6) + (-20)/(-15).
89
Let j be 3240/25 + 2/5. Suppose 4*k = -k + j. Suppose 6 = -5*f + k. List the prime factors of f.
2
Let d = 6 - 3. Let a be (-6 - 0)*(d - -2). What are the prime factors of (-3)/(-12) + a/(-8)?
2
Suppose -5*l - 5*k + 8 + 42 = 0, -4*l = -5*k - 85. List the prime factors of l.
3, 5
Let u(n) = -n**3 + n**2 + 1. Suppose 0*m = 3*m - 4*l - 12, -2*m = -2*l - 6. Let f be u(m). Let s = f + 3. What are the prime factors of s?
2
Let u(q) = q**3 - 2*q**2 - 2*q - 1. Let m(r) = 3*r**3 - 5*r**2 - 7*r - 4. Let z(c) = -4*m(c) + 11*u(c). Suppose -1 = d + 3. What are the prime factors of z(d)?
13
Let t(x) = 2*x + 3 - 15 - 8 + x. List the prime factors of t(8).
2
Suppose -121*q + 123*q - 640 = 0. What are the prime factors of q?
2, 5
Let o(p) = -4*p**3 - 3*p**2 + p - 6. List the prime factors of o(-3).
2, 3
Let o(m) = -m**3 + 8*m**2 + 8*m + 16. List the prime factors of o(8).
2, 5
Let t = 14 + -6. Suppose 0 = -4*c + 2*f + t + 44, 5*c - 2*f = 64. What are the prime factors of c?
2, 3
Suppose -9 = 3*d + 15. Let o = d - -6. Let k = o - -10. List the prime factors of k.
2
Suppose q + 4*a = 3*a - 9, 0 = 4*q - 5*a + 45. Let z(p) = p**2 + 5*p - 14. What are the prime factors of z(q)?
2, 3
Suppose 2*h - 5 = -33. List the prime factors of ((-12)/(-14))/((-2)/h).
2, 3
Suppose -5*m = 38 - 143. Suppose -3*u + m = -2*u. Suppose 3*n + n + 3*p - 35 = 0, 3*n + 4*p - u = 0. List the prime factors of n.
11
List the prime factors of ((-18)/4 - -4)*-36.
2, 3
Suppose 849 = -10*h + 2419. What are the prime factors of h?
157
Suppose 0 = -5*u - 2*z + 17, -7*u + 24 = -3*u - z. Suppose -u*a + 15 = -0*a. Let m = a + 0. What are the prime factors of m?
3
Let b be 4/(-10) + (-17)/(-5). Suppose -b*o = -2*c - 12, -2*c + 12 = -6*c. Suppose 1 = l - o. What are the prime factors of l?
3
Let x = 86 - -119. List the prime factors of x.
5, 41
Suppose -1 - 3 = -o. List the prime factors of (-3 - -9)*o/6.
2
Let b(o) = 8*o. Suppose 2 = 2*g - 2. Let t be (-4)/g + (2 - -1). What are the prime factors of b(t)?
2
Let a = -189 - -473. What are the prime factors of a?
2, 71
Let s(r) = 2*r**2 - 8*r - 3. Let f be s(6). Suppose 2*p - f = 5*b, -5*p + 5 = 2*b - 4. What are the prime factors of p?
3
Suppose 2*j - 4*q - 39 = 71, 5*q = 2*j - 115. What are the prime factors of j?
3, 5
Let d(y) = y**3 - 10*y**2 + 12*y - 11. What are the prime factors of d(10)?
109
Suppose -2*d - c - 309 = -3*d, -3*c - 15 = 0. What are the prime factors of d?
2, 19
Let l = -14 + 10. Let d(w) = -w**3 - 2*w**2 - 3*w - 9. List the prime factors of d(l).
5, 7
List the prime factors of (-6 + 1)*(7 + -14).
5, 7
Let s(q) be the third derivative of -7/6*q**3 + 0 + 0*q + q**2 + 1/30*q**5 - 1/4*q**4. List the prime factors of s(5).
13
Let w be 57/2 + 3/6. Let x be 3/(-12) - w/(-4). Suppose b = -0 + x. List the prime factors of b.
7
Let z(y) = y**2 + 8*y - 6. Let a be z(-9). Let o be (-4)/((-4)/5)*a. Suppose 4*f = 21 + o. List the prime factors of f.
3
Let z be (-4)/1 + (-1 - -3). List the prime factors of 0 + (1 - z)*1.
3
List the prime factors of (229/(-4))/(-4 + 45/12).
229
Let l be (-2)/(-8) - (-1532)/16. Suppose -l = 2*z + 2*z. What are the prime factors of 21/(-2)*z/18?
2, 7
Suppose 0*r - 5*r = 4*b - 1297, -3*b = -5*r - 929. What are the prime factors of b?
2, 3, 53
Let w(r) = r**2 - 6*r. Let s = -2 + 10. What are the prime factors of w(s)?
2
Suppose -2*s - 5*i = -283, 3*s - 118 = 3*i + 338. What are the prime factors of s?
149
Let t = 73 + -57. What are the prime factors of t?
2
Let g = -8 + 16. List the prime factors of g*3 + (5 - 5).
2, 3
Let f(w) be the first derivative of 4*w**2 - 1/3*w**3 - w + 2. List the prime factors of f(5).
2, 7
Suppose -w - 2*w + 19 = -d, -8 = 4*w. List the prime factors of (-4)/(-10) + (-465)/d.
19
Let j(c) = 3*c**3 - c**2 + 3*c - 5. Let i(p) = -2*p**3 - 2*p + 3. Let w(g) = -5*i(g) - 3*j(g). List the prime factors of w(-2).
2
Suppose g - 2*h - 10 = 0, -4*g - h + 20 = -5*h. What are the prime factors of (-1 - -5) + (g - 0)?
2
Let b(w) = w**2 + 6. Let f be b(-4). Let i(n) = 4*n**2 + 2*n - 4. Let a be i(-4). Suppose -3*u - f = -a. List the prime factors of u.
2, 5
Let c(r) = 1. Let u(d) = -3*d + 2. Let m(g) = -2*c(g) + u(g). Let w be m(-3). Let t = w + -6. What are the prime factors of t?
3
Let f(u) = 4*u - 4. List the prime factors of f(8).
2, 7
Let z(x) = 5*x**2 - 4*x - 1. List the prime factors of z(4).
3, 7
Suppose -5*z + 4*l = 2*l + 326, z + 74 = -4*l. Let n = z + 118. What are the prime factors of n?
2, 13
Let b = 7 - 6. Let p(q) = -3*q - 3 + b - 4. What are the prime factors of p(-6)?
2, 3
Let i = 340 - 112. List the prime factors of i.
2, 3, 19
Let o(t) = -73*t + 1. What are the prime factors of o(-2)?
3, 7
Suppose d + 156 = 5*d. List the prime factors of d.
3, 13
Let p(r) = -5*r**2 - 9*r - 6. Let k(u) = 5*u**2 + 8*u + 5. Let l(a) = 6*k(a) + 5*p(a). Let x 